{"id":989168,"date":"2026-02-02T14:47:44","date_gmt":"2026-02-02T14:47:44","guid":{"rendered":"https:\/\/minibus.al\/?post_type=product&#038;p=989168"},"modified":"2026-02-02T14:47:45","modified_gmt":"2026-02-02T14:47:45","slug":"minibus-avec-chauffeur-de-tirana-a-brezovice","status":"publish","type":"product","link":"https:\/\/minibus.al\/fr\/produkt\/minibus-me-shofer-nga-tirana-ne-brezovice\/","title":{"rendered":"Minibus avec chauffeur de Tirana \u00e0 Brezovica"},"content":{"rendered":"<p>La location d'un minibus avec chauffeur de Tirana \u00e0 Brezovica est la solution id\u00e9ale pour les groupes souhaitant un voyage confortable, s\u00fbr et sans stress. Nous proposons des minibus modernes avec chauffeurs professionnels, adapt\u00e9s aux familles, aux groupes d'amis ou aux groupes de touristes se rendant \u00e0 Brezovica pour le ski, des vacances ou des \u00e9v\u00e9nements sp\u00e9ciaux.<\/p>\n<p>Le d\u00e9part est enti\u00e8rement flexible et s'adapte \u00e0 votre emploi du temps, t\u00f4t le matin ou en journ\u00e9e. L'itin\u00e9raire peut \u00eatre adapt\u00e9 aux besoins du groupe. Nos chauffeurs connaissent parfaitement la route et assurent un trajet s\u00fbr et sans encombre, pour que vous puissiez profiter pleinement du voyage en toute s\u00e9r\u00e9nit\u00e9.<\/p>\n<p>Ce service est exclusivement r\u00e9serv\u00e9 aux groupes et garantit un espace suffisant pour les passagers et leurs bagages, rendant le trajet de Tirana \u00e0 Brezovica aussi confortable et efficace que possible.<\/p>","protected":false},"excerpt":{"rendered":"<p>La location d'un minibus avec chauffeur entre Tirana et Brezovica est la solution id\u00e9ale pour les groupes recherchant un voyage confortable, s\u00fbr et sans stress.<\/p>","protected":false},"featured_media":989169,"comment_status":"open","ping_status":"closed","template":"","meta":[],"product_brand":[],"product_cat":[140],"product_tag":[],"class_list":{"0":"post-989168","1":"product","2":"type-product","3":"status-publish","4":"has-post-thumbnail","6":"product_cat-transport","8":"first","9":"instock","10":"shipping-taxable","11":"product-type-external"},"_links":{"self":[{"href":"https:\/\/minibus.al\/fr\/wp-json\/wp\/v2\/product\/989168","targetHints":{"allow":["GET"]}}],"collection":[{"href":"https:\/\/minibus.al\/fr\/wp-json\/wp\/v2\/product"}],"about":[{"href":"https:\/\/minibus.al\/fr\/wp-json\/wp\/v2\/types\/product"}],"replies":[{"embeddable":true,"href":"https:\/\/minibus.al\/fr\/wp-json\/wp\/v2\/comments?post=989168"}],"wp:featuredmedia":[{"embeddable":true,"href":"https:\/\/minibus.al\/fr\/wp-json\/wp\/v2\/media\/989169"}],"wp:attachment":[{"href":"https:\/\/minibus.al\/fr\/wp-json\/wp\/v2\/media?parent=989168"}],"wp:term":[{"taxonomy":"product_brand","embeddable":true,"href":"https:\/\/minibus.al\/fr\/wp-json\/wp\/v2\/product_brand?post=989168"},{"taxonomy":"product_cat","embeddable":true,"href":"https:\/\/minibus.al\/fr\/wp-json\/wp\/v2\/product_cat?post=989168"},{"taxonomy":"product_tag","embeddable":true,"href":"https:\/\/minibus.al\/fr\/wp-json\/wp\/v2\/product_tag?post=989168"}],"curies":[{"name":"WordPress","href":"https:\/\/api.w.org\/{rel}","templated":true}]}}

Minibus avec chauffeur de Tirana à Brezovica

<p>La location d'un minibus avec chauffeur de Tirana à Brezovica est la solution idéale pour les groupes souhaitant un voyage confortable, sûr et sans stress. Nous proposons des minibus modernes avec chauffeurs professionnels, adaptés aux familles, aux groupes d'amis ou aux groupes de touristes se rendant à Brezovica pour le ski, des vacances ou des événements spéciaux.</p>
<p>Le départ est entièrement flexible et s'adapte à votre emploi du temps, tôt le matin ou en journée. L'itinéraire peut être adapté aux besoins du groupe. Nos chauffeurs connaissent parfaitement la route et assurent un trajet sûr et sans encombre, pour que vous puissiez profiter pleinement du voyage en toute sérénité.</p>
<p>Ce service est exclusivement réservé aux groupes et garantit un espace suffisant pour les passagers et leurs bagages, rendant le trajet de Tirana à Brezovica aussi confortable et efficace que possible.</p>

<p>La location d'un minibus avec chauffeur entre Tirana et Brezovica est la solution idéale pour les groupes recherchant un voyage confortable, sûr et sans stress.</p>
