{"id":989113,"date":"2026-02-01T07:18:05","date_gmt":"2026-02-01T07:18:05","guid":{"rendered":"https:\/\/minibus.al\/?post_type=product&#038;p=989113"},"modified":"2026-02-05T12:56:24","modified_gmt":"2026-02-05T12:56:24","slug":"minibus-a-louer-pour-groupes-de-tirana-a-kolasin","status":"publish","type":"product","link":"https:\/\/minibus.al\/fr\/produkt\/minibus-me-qira-per-grupe-nga-tirana-ne-kolasin\/","title":{"rendered":"Minibus avec chauffeur de Tirana \u00e0 Kola\u0161in"},"content":{"rendered":"<p>Le service de transport d'une journ\u00e9e entre Tirana et Kola\u0161in est r\u00e9serv\u00e9 aux groupes et s'effectue en minibus avec chauffeur, garantissant confort et s\u00e9curit\u00e9 tout au long du trajet. Le d\u00e9part de Tirana est programm\u00e9 \u00e0 l'heure convenue, \u00e0 bord de v\u00e9hicules confortables et bien entretenus, adapt\u00e9s aux longs trajets. L'itin\u00e9raire est optimis\u00e9, avec la possibilit\u00e9 de courts arr\u00eats pour se reposer selon les besoins du groupe.<\/p>\n<p>\u00c0 leur arriv\u00e9e \u00e0 Kola\u0161in, les participants disposent de temps libre pour se promener, d\u00e9jeuner ou faire des activit\u00e9s touristiques. Le retour \u00e0 Tirana s'effectue selon le programme convenu. La prestation est flexible et personnalisable en fonction des besoins du groupe.<\/p>","protected":false},"excerpt":{"rendered":"<p>Le service de transport pour une excursion d'une journ\u00e9e de Tirana \u00e0 Kola\u0161in est propos\u00e9 uniquement aux groupes et est assur\u00e9 par un minibus avec chauffeur, garantissant confort et s\u00e9curit\u00e9 tout au long du trajet.<\/p>","protected":false},"featured_media":989114,"comment_status":"open","ping_status":"closed","template":"","meta":[],"product_brand":[],"product_cat":[140],"product_tag":[],"class_list":{"0":"post-989113","1":"product","2":"type-product","3":"status-publish","4":"has-post-thumbnail","6":"product_cat-transport","8":"first","9":"instock","10":"shipping-taxable","11":"product-type-external"},"_links":{"self":[{"href":"https:\/\/minibus.al\/fr\/wp-json\/wp\/v2\/product\/989113","targetHints":{"allow":["GET"]}}],"collection":[{"href":"https:\/\/minibus.al\/fr\/wp-json\/wp\/v2\/product"}],"about":[{"href":"https:\/\/minibus.al\/fr\/wp-json\/wp\/v2\/types\/product"}],"replies":[{"embeddable":true,"href":"https:\/\/minibus.al\/fr\/wp-json\/wp\/v2\/comments?post=989113"}],"wp:featuredmedia":[{"embeddable":true,"href":"https:\/\/minibus.al\/fr\/wp-json\/wp\/v2\/media\/989114"}],"wp:attachment":[{"href":"https:\/\/minibus.al\/fr\/wp-json\/wp\/v2\/media?parent=989113"}],"wp:term":[{"taxonomy":"product_brand","embeddable":true,"href":"https:\/\/minibus.al\/fr\/wp-json\/wp\/v2\/product_brand?post=989113"},{"taxonomy":"product_cat","embeddable":true,"href":"https:\/\/minibus.al\/fr\/wp-json\/wp\/v2\/product_cat?post=989113"},{"taxonomy":"product_tag","embeddable":true,"href":"https:\/\/minibus.al\/fr\/wp-json\/wp\/v2\/product_tag?post=989113"}],"curies":[{"name":"WordPress","href":"https:\/\/api.w.org\/{rel}","templated":true}]}}

Minibus avec chauffeur de Tirana à Kolašin

<p>Le service de transport d'une journée entre Tirana et Kolašin est réservé aux groupes et s'effectue en minibus avec chauffeur, garantissant confort et sécurité tout au long du trajet. Le départ de Tirana est programmé à l'heure convenue, à bord de véhicules confortables et bien entretenus, adaptés aux longs trajets. L'itinéraire est optimisé, avec la possibilité de courts arrêts pour se reposer selon les besoins du groupe.</p>
<p>À leur arrivée à Kolašin, les participants disposent de temps libre pour se promener, déjeuner ou faire des activités touristiques. Le retour à Tirana s'effectue selon le programme convenu. La prestation est flexible et personnalisable en fonction des besoins du groupe.</p>

<p>Le service de transport pour une excursion d'une journée de Tirana à Kolašin est proposé uniquement aux groupes et est assuré par un minibus avec chauffeur, garantissant confort et sécurité tout au long du trajet.</p>
