{"id":989170,"date":"2026-02-02T15:05:15","date_gmt":"2026-02-02T15:05:15","guid":{"rendered":"https:\/\/minibus.al\/?post_type=product&#038;p=989170"},"modified":"2026-02-02T15:05:15","modified_gmt":"2026-02-02T15:05:15","slug":"minibus-de-alquiler-con-conductor-de-tirana-a-theth","status":"publish","type":"product","link":"https:\/\/minibus.al\/es\/produkt\/minibus-me-qira-dhe-shofer-nga-tirana-ne-theth\/","title":{"rendered":"Alquiler de minib\u00fas y conductor de Tirana a Theth"},"content":{"rendered":"<p>Ofrecemos alquiler de minib\u00fas con conductor de Tirana a Theth, lo que proporciona una forma c\u00f3moda y segura de viajar al coraz\u00f3n de los Alpes albaneses. El servicio est\u00e1 dise\u00f1ado para grupos, oficinas o familias y ofrece viajes directos de puerta a puerta, sin interrupciones. El minib\u00fas es c\u00f3modo, est\u00e1 en buen estado y es apto para carreteras de monta\u00f1a, mientras que el conductor experimentado garantiza un viaje seguro y sin contratiempos. Este traslado es ideal para quienes desean disfrutar de los maravillosos paisajes de Theth sin el estr\u00e9s de planificar el transporte p\u00fablico.<\/p>","protected":false},"excerpt":{"rendered":"<p>Ofrecemos alquiler de minib\u00fas y conductor desde Tirana a Theth, proporcionando una forma c\u00f3moda y segura de viajar al coraz\u00f3n de los Alpes albaneses.<\/p>","protected":false},"featured_media":989171,"comment_status":"open","ping_status":"closed","template":"","meta":[],"product_brand":[],"product_cat":[140],"product_tag":[],"class_list":{"0":"post-989170","1":"product","2":"type-product","3":"status-publish","4":"has-post-thumbnail","6":"product_cat-transport","8":"first","9":"instock","10":"shipping-taxable","11":"product-type-external"},"_links":{"self":[{"href":"https:\/\/minibus.al\/es\/wp-json\/wp\/v2\/product\/989170","targetHints":{"allow":["GET"]}}],"collection":[{"href":"https:\/\/minibus.al\/es\/wp-json\/wp\/v2\/product"}],"about":[{"href":"https:\/\/minibus.al\/es\/wp-json\/wp\/v2\/types\/product"}],"replies":[{"embeddable":true,"href":"https:\/\/minibus.al\/es\/wp-json\/wp\/v2\/comments?post=989170"}],"wp:featuredmedia":[{"embeddable":true,"href":"https:\/\/minibus.al\/es\/wp-json\/wp\/v2\/media\/989171"}],"wp:attachment":[{"href":"https:\/\/minibus.al\/es\/wp-json\/wp\/v2\/media?parent=989170"}],"wp:term":[{"taxonomy":"product_brand","embeddable":true,"href":"https:\/\/minibus.al\/es\/wp-json\/wp\/v2\/product_brand?post=989170"},{"taxonomy":"product_cat","embeddable":true,"href":"https:\/\/minibus.al\/es\/wp-json\/wp\/v2\/product_cat?post=989170"},{"taxonomy":"product_tag","embeddable":true,"href":"https:\/\/minibus.al\/es\/wp-json\/wp\/v2\/product_tag?post=989170"}],"curies":[{"name":"wp","href":"https:\/\/api.w.org\/{rel}","templated":true}]}}

Alquiler de minibús y conductor de Tirana a Theth

<p>Ofrecemos alquiler de minibús con conductor de Tirana a Theth, lo que proporciona una forma cómoda y segura de viajar al corazón de los Alpes albaneses. El servicio está diseñado para grupos, oficinas o familias y ofrece viajes directos de puerta a puerta, sin interrupciones. El minibús es cómodo, está en buen estado y es apto para carreteras de montaña, mientras que el conductor experimentado garantiza un viaje seguro y sin contratiempos. Este traslado es ideal para quienes desean disfrutar de los maravillosos paisajes de Theth sin el estrés de planificar el transporte público.</p>

<p>Ofrecemos alquiler de minibús y conductor desde Tirana a Theth, proporcionando una forma cómoda y segura de viajar al corazón de los Alpes albaneses.</p>
